 28*v + 11. Let k be y(-9). Suppose -2*p - 3*l + 58 = -p, k*l = 0. What is the highest common factor of 145 and p?
29
Let r(z) = z**3 + 3. Let v(m) = -m**3 + 8*m**2 - 1. Let k be v(7). Let f = k - 46. Let q be r(f). Calculate the highest common factor of q and 55.
11
Suppose 0 = 5*g + 5*o, 10*g - 15*g - 3*o = 0. Let b be (70/4)/(14/(g + 28)). Calculate the highest common divisor of 5 and b.
5
Let y = -69 + 1132. What is the highest common divisor of y and 1?
1
Let i = -232 + 226. Let f(o) = -16*o - 57. Let n be f(i). Calculate the highest common factor of n and 91.
13
Let a be 4/((-20)/(-685))*(16 + -5). Calculate the highest common divisor of 33 and a.
11
Let r = -458 - -475. Suppose q + 14*g - 123 = r*g, 5*q = 2*g + 667. What is the highest common factor of 45 and q?
45
Let q = -545 + 834. Let x = q + -235. Calculate the highest common divisor of x and 36.
18
Let t = -29261 + 32555. Calculate the greatest common divisor of 3 and t.
3
Let r(w) = 531*w**2 + 35*w + 33. Let g be r(-1). Calculate the greatest common divisor of g and 23.
23
Let v = 57552 - 34540. Calculate the highest common divisor of v and 44.
44
Let v = -3 - -5. Let l = 1167 + -1173. Let j be (-4)/(l - -6 - 0 - 4). Calculate the greatest common factor of v and j.
1
Suppose -3*q + 6 = -90. Let z be ((-77)/(-7) - 8)/(6/1142). Let p = z + -491. What is the highest common factor of p and q?
16
Suppose 4*k + 0*u = 3*u + 8, -u = 0. Suppose -k*b - b + 8*b = 0. Suppose -2*j + 3*h = -311, j + b*h - 145 = 5*h. What is the highest common factor of j and 40?
40
Let l(j) = -40*j**2. Let b be l(-1). Let n be (450/b)/((-2)/(-16)*2). Let d be n*(-2)/2 - 0. Calculate the highest common factor of 60 and d.
15
Suppose -4*j - 3148 + 16937 = -5*m, -5*j - m = -17200. What is the greatest common divisor of j and 111?
111
Suppose -22*u = -24*u + 54. Calculate the greatest common factor of 495 and u.
9
Suppose -4*i = 2*l - 120, 130*i - 133*i - 144 = -3*l. Calculate the greatest common factor of l and 2327.
13
Suppose 10 = -r - 3*l + 17, l = 4*r - 41. Let b be 1/2*(472 - r)/11. Calculate the highest common factor of 203 and b.
7
Let l be 2/(-1) - 392/(-14). Let m = 193 - 37. What is the greatest common factor of l and m?
26
Let d be (-36)/(-2)*(-114)/(-513). Suppose -z = -5, -461 - 959 = -w - d*z. Calculate the highest common divisor of w and 14.
14
Let o be 4 - 1*(-2 - 17). Suppose -2*y + s + o = 4, 0 = 5*y + 4*s - 54. What is the highest common factor of y and 55?
5
Let m be (-3)/2 - 4/(-8)*3. Let s = 9 + 1. Suppose m = -i - s + 100. Calculate the greatest common divisor of 30 and i.
30
Suppose -108924 = -2*y + t, 13*y = 14*y + 2*t - 54477. What is the highest common divisor of 15 and y?
15
Let j be 1215 + (34/6)/(-17)*(0 - 0). Calculate the highest common divisor of j and 2.
1
Let v = -10725 - -11285. Calculate the highest common divisor of 35 and v.
35
Suppose -3*b + 13010 = -5*t, -5185 = -t + 3*t - 5*b. Let n be (t/15 - 3)*-3. Calculate the highest common factor of 53 and n.
53
Suppose -2*j - 370 = 3*j. Let g(w) = w**3 - 15*w**2 - 19*w - 6. Let r be g(16). Let x = r - j. What is the greatest common divisor of 30 and x?
10
Let r(s) = -s - 8. Let a be r(-18). Let f be ((-8)/a)/(6*(-4)/60). Calculate the greatest common factor of 71 and f.
1
Suppose 0*c - 4*c = -56. Suppose 36 = 2*m + c. Suppose -6*y = -2*y - 4*h - 404, -5*y - 4*h + 487 = 0. What is the greatest common divisor of m and y?
11
Let q(x) = x**3 + 12*x**2 - 4*x - 24. Let h be q(-12). Let l be (-4)/(-6)*h/20*200. What is the greatest common factor of l and 10?
10
Let x = 45 - 19. Let s = -27 + x. Let q(l) = -63*l + 3. Let c be q(s). Calculate the greatest common factor of c and 11.
11
Suppose 60 - 36 = 12*k. Suppose k*t - 12 = 2*d, -24*t + 4*d - 39 = -27*t. What is the highest common divisor of 16 and t?
1
Suppose -108 = 3*l - 6*l. Let h be -3 + 1 + 10 + -4. Suppose 0 = -4*n - h*w + 52, 5*n = -w - 2*w + 63. Calculate the greatest common divisor of l and n.
12
Let s(p) = 271*p + 860. Let u be s(-3). Calculate the greatest common divisor of 15886 and u.
47
Let q = 65 + -61. Suppose -q*r = -5*r + 2. Suppose r*g = -2 + 12. Calculate the greatest common divisor of g and 2.
1
Let c(j) = -4*j**3 - j**2 + 2*j - 1. Let i be c(-2). Suppose -h - 230 = -11*h. What is the greatest common divisor of h and i?
23
Suppose 0 = 2*n - q - 85, -q = -n + 4*n - 120. Let p = n + -41. Suppose 4*w - 8*w + 208 = p. What is the greatest common factor of w and 130?
26
Let q(x) = -56*x**3 + x**2 + x. Let u be q(-1). Suppose 2*h + 3*f = 136, -7*h + 11*h + f = 262. Let t = 93 - h. Calculate the greatest common factor of u and t.
28
Suppose -52*t + 2574 = -41*t. What is the highest common divisor of t and 198?
18
Let f = 7206 - 7204. What is the greatest common factor of f and 803?
1
Suppose 129 + 423 = 15*w - 4173. Calculate the highest common divisor of 231 and w.
21
Let m be -2 - 22/(-5) - 3/(-5). Suppose -1 = -2*t - 3*v, m*t - 57 = -t + 5*v. Suppose t*x = 12*x - 36. What is the greatest common divisor of 15 and x?
3
Let h = -17369 + 17397. Calculate the highest common divisor of 608 and h.
4
Let n = 114 + -135. Let y = -20 - n. Let l be ((-45)/4)/(22/24 - y). What is the highest common factor of 15 and l?
15
Let u = -2846 + 2897. What is the greatest common factor of 2703 and u?
51
Let d(a) = -3*a**2 - 46*a + 3. Let o be d(-15). Suppose 4 = -f + 7, -5*f + 3 = -3*g. Let b = g + o. What is the greatest common divisor of 66 and b?
22
Suppose -4 = 2*u - 2*q, -u = -6*u - q - 16. Let z be -40*u/30*4. What is the highest common factor of z and 6?
2
Let z = -57 + 580. Let q = -328 + z. Suppose 0 = 5*f + 5*a - 70, 4*a + 17 = 2*f - 5. Calculate the highest common factor of q and f.
13
Let o = -5206 - -5379. Calculate the greatest common divisor of o and 2.
1
Suppose 0 = -x + 6*x - x - 200. Calculate the greatest common factor of x and 535.
5
Let r = -282 + 526. Suppose -2*x + 2*w = -r, -2*w + 356 = 5*x - 2*x. What is the highest common divisor of 40 and x?
40
Let d be 3393 - 6/(78/221). Calculate the greatest common divisor of 16 and d.
16
Suppose -3*x + 0*m - 5*m - 511 = 0, 1 = m. Suppose 14*o + 594 = 286. Let r be 2/11 - (-2 - x/o). What is the highest common divisor of r and 90?
10
Let x be (-1)/(8/376*3/9). Let a = 195 + x. What is the highest common factor of a and 36?
18
Let k = 2225 + 876. Calculate the greatest common factor of 21 and k.
7
Let l be 130/4 + (-57)/38. Let r = 46 - l. What is the highest common factor of 255 and r?
15
Let a = -72 - -74. Suppose 3*j + 2*j + 456 = a*s, -4*j - 458 = -2*s. Suppose -4*g = 57 - s. Calculate the highest common divisor of g and 11.
11
Let d = -33929 - -34174. Suppose -71 + 267 = 2*w. What is the highest common divisor of w and d?
49
Let p = -121 + 200. Let r be p + ((-2)/6)/((-23)/(-69)). Calculate the highest common factor of 52 and r.
26
Suppose 0 = -11*p + 10*p - 3*n + 48, 4*p + 2*n - 172 = 0. Let m be (-4)/(-2)*41/(-2). Let z = m + p. What is the greatest common factor of z and 8?
1
Let r be 48/504 + 11485/21. Let x = r + -541. What is the highest common factor of 75 and x?
3
Suppose 66*t = 74*t - 15080. Calculate the greatest common divisor of 13 and t.
13
Let m(u) = -2038*u - 10. Let n be m(-2). Calculate the highest common factor of 107 and n.
107
Let b(x) = 2*x**3 + 65*x**2 - 21*x + 6. Let a be b(-33). Let s = a + 403. Calculate the highest common factor of 299 and s.
13
Suppose 5*c + 473*k - 163 = 469*k, 0 = 3*c + k - 88. Let i be (-2)/8 - 73/(-4). Calculate the highest common divisor of i and c.
9
Let p be (-5 + (-55)/(-10))/(1/4). Let v(z) = z**3 - 3*z**2 + z - 1. Let u be v(p). Let f be u*(-1)/(4/12). Calculate the highest common factor of 36 and f.
9
Suppose 2*t = -3*h + 2304, -h = -33 + 39. What is the greatest common divisor of t and 86?
43
Suppose 43*f = 129*f - 873 - 675. Calculate the greatest common divisor of 1686 and f.
6
Suppose -3*u - 2*q = -u - 242, 4*u + 5*q = 484. Suppose u + 215 = 6*b. Calculate the greatest common factor of 8 and b.
8
Suppose 55 = 8370*z - 8369*z. Calculate the highest common divisor of z and 4.
1
Let p = 459 - -111. Suppose 14*t - p = -122. Calculate the highest common divisor of 32 and t.
32
Suppose 156*x = 141*x + 6975. Calculate the greatest common factor of 375 and x.
15
Let l 